c) = -c - 9. Determine u(7).
-16
Let n(d) = -2*d + 28. Determine n(12).
4
Let f(k) = -k**3 - 16*k**2 - 14*k + 7. Calculate f(-14).
-189
Let j(n) = 3*n + 8. Calculate j(-3).
-1
Let x(l) = 2*l + 19. What is x(-9)?
1
Let k(f) = -f**2 + 10*f + 30. What is k(12)?
6
Let w(s) = -s**2 + 7*s - 3. Give w(8).
-11
Let w(p) = -p**2 - 10*p + 15. What is w(-12)?
-9
Let v(o) = 4*o**2 + 78*o + 42. Give v(-18).
-66
Let v(j) = -j**2 - 15*j - 62. Determine v(-7).
-6
Let t(y) = -2*y**3 - 3*y**2 - 4*y + 3. What is t(-3)?
42
Let j(z) = -29*z - 224. Determine j(-8).
8
Let l(k) = -k**3 - 9*k**2 + 6*k - 14. Calculate l(-10).
26
Let n(a) = 16*a**2 + 1. Calculate n(-1).
17
Let z(g) = -g**2 + 2*g + 1. Give z(2).
1
Let s(q) = -2*q**3 - 8*q**2 + 3*q + 4. Calculate s(-4).
-8
Let s(l) = 5*l**2 + 2. What is s(-2)?
22
Let k(m) = -m**3 - 6*m**2 + 7*m + 7. Determine k(-7).
7
Let o(w) = -5*w**2 - 46*w - 9. Give o(-9).
0
Let k(p) = -4*p + 21. Calculate k(7).
-7
Let k(w) = 2*w**2 - 23*w - 3. Calculate k(11).
-14
Let j(h) = -h**3 + 11*h**2 - 9*h - 9. Calculate j(10).
1
Let m(g) = -2*g**2 - 35*g + 18. What is m(-18)?
0
Let l(i) = -10*i + 48. Determine l(5).
-2
Let c(s) = s**3 - 31*s**2 + 54*s + 122. Calculate c(29).
6
Let y(v) = v**2 - 13*v + 8. Determine y(6).
-34
Let d(u) = -35*u - 2. Determine d(1).
-37
Let z(g) = -g**3 + 12*g**2 - 2*g + 28. What is z(12)?
4
Let r(q) = -10*q - 2. Give r(2).
-22
Let x(y) = 3*y + 2. Calculate x(3).
11
Let c(u) = -29*u**2 + u. Determine c(1).
-28
Let y(m) = -19*m + 13. Determine y(2).
-25
Let v(j) = j**2 + 13*j - 71. What is v(-17)?
-3
Let x(k) = -3*k**3 - 5*k**2 + 11. Determine x(3).
-115
Let i(w) = -w**3 + 9*w**2 + 12*w - 11. Calculate i(10).
9
Let h(f) = -f**3 - 4*f**2 + 5*f - 3. Give h(-5).
-3
Let j(x) = 4*x**2 - 5*x + 13. What is j(2)?
19
Let m(w) = w**3 + 4*w**2 - 4*w + 12. Determine m(-5).
7
Let g(i) = -2*i**2 + i - 10. Give g(0).
-10
Let t(b) = -b**2 + 5*b + 11. Give t(7).
-3
Let s(a) = -a**2 - a. Give s(1).
-2
Let v(r) = 54*r**3 + 2*r**2 - 2*r + 1. Give v(1).
55
Let u(a) = a + 125. Give u(0).
125
Let v(c) = c**2 + 8*c - 28. Calculate v(-9).
-19
Let x(s) = 20*s**2 - 2*s. What is x(1)?
18
Let p(a) = -a**2 - 15*a - 26. What is p(-15)?
-26
Let p(z) = z**2 + 8*z + 6. Calculate p(-6).
-6
Let a(p) = -p**2 - 12*p - 6. Give a(-12).
-6
Let x(p) = p**3 - 3*p**2 + 4*p + 4. Determine x(-3).
-62
Let o(f) = -f**2 - 16*f + 19. What is o(-17)?
2
Let k(u) = u**3 - 7*u**2 - 46*u + 30. What is k(11)?
8
Let a(y) = -y**3 - y**2 - 2*y - 17. Calculate a(0).
-17
Let y(w) = 13*w. What is y(1)?
13
Let w(y) = 20*y + 96. What is w(-9)?
-84
Let m(o) = -2*o**2 - 2*o + 3. Determine m(-2).
-1
Let f(n) = -n**2 + 15*n + 17. What is f(14)?
31
Let j(w) = -2*w - 6. What is j(3)?
-12
Let y(m) = 2*m**2 + 7*m + 6. Determine y(-6).
36
Let v(l) = -l**3 - 9*l**2 + 11*l + 6. What is v(-10)?
-4
Let t(i) = -36*i + 79. Give t(3).
-29
Let o(z) = z**3 + 15*z**2 - z - 11. Determine o(-15).
4
Let x(l) = -l**2 + 18*l - 2. Determine x(20).
-42
Let j(a) = 92*a + 923. Determine j(-10).
3
Let y(m) = -m**2 - 18*m + 69. What is y(-20)?
29
Let w(t) = -t**2 - 14*t - 42. Give w(-6).
6
Let g(o) = o**3 + 7*o**2 + 3*o + 4. Give g(-7).
-17
Let p(l) = l**3 + 7*l**2 - 3*l - 15. What is p(-7)?
6
Let n(q) = -q**3 - 5*q**2 + 4*q + 3. What is n(-6)?
15
Let r(c) = -10*c - 4. Give r(-1).
6
Let f(m) = -17*m - 277. Give f(-16).
-5
Let x(s) = 4*s**2 + 20*s + 17. Calculate x(-4).
1
Let u(z) = -z**3 - 11*z**2 - 2*z - 4. What is u(-11)?
18
Let s(c) = c**2 - 8*c - 10. Determine s(8).
-10
Let u(a) = -a**3 + a**2 + a. Give u(3).
-15
Let l(c) = -c**3 - 12*c**2 - 15*c + 1. Determine l(-10).
-49
Let x(m) = -12*m - 118. Give x(-10).
2
Let j(a) = 56*a**3 - a**2 + 2*a + 3. Determine j(-1).
-56
Let v(p) = -p**2 - 5*p + 8. What is v(4)?
-28
Let k(w) = -w**3 + 7*w**2 - 8*w - 12. Calculate k(8).
-140
Let j(s) = -2*s**2 - 13*s - 9. What is j(-7)?
-16
Let r(d) = -2*d**3 - 29*d**2 - 11*d + 19. Give r(-14).
-23
Let y(n) = -n**2 - 9*n + 3. What is y(-5)?
23
Let h(v) = -v**3 - 3*v**2 - 2*v - 15. Calculate h(-4).
9
Let v(d) = -d**3 + 7*d**2 + 10. Determine v(7).
10
Let t(j) = -j - 1. Calculate t(9).
-10
Let p(g) = 2*g + 15. Calculate p(-8).
-1
Let f(h) = -15*h + 5. Calculate f(-1).
20
Let s(q) = -q**3 + 3*q**2 + 3*q - 8. Give s(3).
1
Let h(x) = x + 8. What is h(-14)?
-6
Let w(x) = -x**3 + 5*x**2 - 4*x + 11. Calculate w(4).
11
Let v(m) = m + 13. Give v(-9).
4
Let r(m) = -m**3 + 5*m**2 + 9*m - 2. Determine r(6).
16
Let w(h) = 4*h - 7. Give w(-4).
-23
Let n(u) = 8*u - 8. Calculate n(6).
40
Let j(l) = -3*l**3 + 4*l**2 - 4*l + 3. Calculate j(2).
-13
Let u(n) = -2*n + 19. Calculate u(9).
1
Let r(q) = -5*q - 9. Give r(11).
-64
Let x(w) = -2*w**2 - 2*w + 2. Calculate x(-4).
-22
Let r(v) = v. Calculate r(0).
0
Let p(x) = -x + 45. Calculate p(17).
28
Let x(z) = -z**3 - 16*z**2 - z - 6. Calculate x(-16).
10
Let k(h) = h**3 + 30*h**2 - 34*h - 88. What is k(-31)?
5
Let q(y) = -y**3 - 5*y**2 + 4*y - 4. What is q(-6)?
8
Let c(k) = -k**3 + 2*k**2 + 10*k - 8. What is c(5)?
-33
Let l(j) = j**2 + 20*j + 33. Give l(-16).
-31
Let b(z) = -15*z + 80. What is b(5)?
5
Let h(j) = 2*j + 4. What is h(2)?
8
Let c(o) = -6*o - 24. What is c(-2)?
-12
Let w(h) = -7*h**3 + h. Determine w(-1).
6
Let w(o) = 19*o - 800. Determine w(42).
-2
Let y(q) = 2*q**3 - 23*q**2 - 10*q - 23. What is y(12)?
1
Let z(j) = j**2 - 3*j - 4. Give z(6).
14
Let n(w) = 2*w**3 - 20*w**2 + 9*w + 81. Give n(9).
0
Let a(l) = -l**3 - 17*l**2 + 19*l + 20. What is a(-18)?
2
Let v(r) = -2*r + 37. Give v(0).
37
Let v(t) = t**3 + 7*t**2 - 225*t - 31. What is v(12)?
5
Let a(w) = w**3 - 4*w**2 - w - 3. Calculate a(4).
-7
Let l(f) = -f**3 - 9*f**2 - 2*f + 9. Give l(-9).
27
Let x(f) = -2*f**3 - 24*f**2 + 25*f - 6. Calculate x(-13).
7
Let p(j) = 3*j**2 + 2*j - 36. Give p(-4).
4
Let y(k) = 9*k - 68. Calculate y(5).
-23
Let u(s) = -82*s - 324. Calculate u(-4).
4
Let a(b) = b**3 + 7*b**2 + 8*b + 10. Give a(-6).
-2
Let l(o) = o - 10. Determine l(4).
-6
Let d(a) = -2*a**2 + 3*a + 1. Determine d(4).
-19
Let k(t) = -t**3 + 5*t**2 + 13*t - 1. What is k(7)?
-8
Let h(u) = -u**3 - u**2 - u + 10. Determine h(0).
10
Let v(w) = w**2 - 3*w - 10. Calculate v(6).
8
Let s(w) = -w**2 + 23*w - 28. Calculate s(21).
14
Let b(n) = n**3 - 6*n**2 + 2*n - 6. Determine b(6).
6
Let q(r) = -2*r**2 + 33*r + 18. Give q(17).
1
Let y(t) = 2*t**2 - 3*t - 9. Determine y(4).
11
Let q(f) = 2*f + 13. What is q(-3)?
7
Let v(f) = f**2 + 4*f - 46. Give v(5).
-1
Let b(w) = -w**3 - 6*w**2 + 8*w + 5. Give b(-7).
-2
Let o(r) = r**2 + 5*r - 4. Determine o(-10).
46
Let l(z) = -23*z + 15. Determine l(-3).
84
Let g(o) = 4*o**2 + o + 2. Calculate g(5).
107
Let p(l) = -l + 68. What is p(12)?
56
Let s(z) = -z**2 + 8*z + 2. Calculate s(8).
2
Let f(l) = l**2 + 9*l + 9. Give f(-7).
-5
Let x(a) = -a**2 - 6*a + 5. Calculate x(-7).
-2
Let x(f) = -8*f**2 - 58*f - 14. Give x(-7).
0
Let i(k) = k**3 + 22*k**2 + 24*k + 21. Calculate i(-21).
-42
Let c(n) = -n - 14. Calculate c(-15).
1
Let v(l) = 3*l**2 - 24*l + 16. Give v(7).
-5
Let i(w) = 13*w**3 - w**2 - 3*w + 4. Give i(1).
13
Let n(x) = -x**3 + 5*x**2 - 5*x + 6. Give n(4).
2
Let m(z) = z - 5. What is m(-4)?
-9
Let c(f) = -f**3 - 2*f**2 - 3*f - 1. Give c(-4).
43
Let o(q) = q**2 - 12*q - 10. Determine o(6).
-46
Let n(y) = 39*y - 396. What is n(10)?
-6
Let x(f) = f**3 + 3*f**2 - f - 4. Give x(-3).
-1
Let x(y) = y**3 - y**2 + 3*y + 10. What is x(-6)?
-260
Let t(g) = g**2 + g - 20. Calculate t(3).
-8
Let t(r) = -r + 16. Give t(6).
10
Let c(a) = -a**3 - 5*a**2 - 5*a + 3. Calculate c(-4).
7
Let w(f) = f**3 - 11*f**2 + f + 5. What is w(0)?
5
Let l(t) = 8*t + 33. Calculate l(-7).
-23
Let d(s) = 2*s**2 - 21*s + 14. What is d(9)?
-13
Let k(s) = -s + 36. What is k(18)?
18
Let u(w) = w**3 - 15*w**2 + 16*w - 18. What is u(14)?
10
Let q(m) = m**2 - m - 19. What is q(-3)?
-7
Let u(b) = -2*b**2 - 42*b - 9. What is u(-18)?
99
Let a(x) = -x**2 - 12*x + 26. Calculate a(-12).
26
Let w(n) = n**3 - n**2 + n + 1. Determine w(3).
22
Let i(b) = b**3 + 15*b**2 - 37*b - 34. Calculate i(-17).
17
Let i(v) = 3*v**2 - 35*v + 2. Calculate i(11).
-20
Let d(u) = -u - 1. Determine d(1).
-2
Let a(t) = t**2 + 21*t - 30. Determine a(-24).
42
Let n(g) = -19*g**2 - 4*g - 4. What is n(-1)?
-19
Let v(h) = h**2 + 4*h - 9. What is v(-7)?
12
Let x(i) = -i - 28. W